me factors of t?
2, 3
Suppose -5*d + 5 = -5. Let p(g) = 4*g**2 - 2*g + g**2 - 6*g**2 + 2*g**3 + 1. List the prime factors of p(d).
3
List the prime factors of 2 + -1 + 60/4.
2
Let c be (-99)/(-22) - (-3)/(-2). Suppose c*i + i - 144 = 0. What are the prime factors of i?
2, 3
Suppose -3*h = -4*h + 19. Suppose -h - 13 = -2*t. List the prime factors of t.
2
Let o(c) = -36*c**2. Let j be (1*(1 - 2))/(-1). Let r be o(j). List the prime factors of (-423)/r + (-2)/(-8).
2, 3
Suppose z = 4*v - 13, 3*z + 25 = v + 4*v. Suppose -2*j - 3*r = -2*r - 25, v*j = 5*r + 7. What are the prime factors of j?
11
Let l(c) = c**2 + 11*c + 32. What are the prime factors of l(-14)?
2, 37
Let f be 2 + -2 - (-7 + 0). Let u(j) = -j**2 + 7*j + 7. List the prime factors of u(f).
7
Let b(m) = m + 5. Let d be b(-5). Let z be 2 + d + -1 + 47. Suppose -38 = -3*h - 0*h - f, -3*h + z = 3*f. List the prime factors of h.
11
Let q(c) = c**2 + 11*c + 3. What are the prime factors of q(-17)?
3, 5, 7
Suppose 1980 = 21*c - 11*c. List the prime factors of c.
2, 3, 11
Let k be (-2)/((-4)/10)*-2. Let t = k - -6. Let s = t - -12. List the prime factors of s.
2
Suppose 2*k + 2*r - 188 = 0, 0 = 4*r + 2 + 6. List the prime factors of k.
2, 3
Suppose 3*b + 1 = -2. Let c be 0 + 44 - (0 - b). Suppose -3*u + 3*f + 27 = 0, -f + c = 5*u - 5*f. What are the prime factors of u?
7
Suppose -4*i = i - 565. Suppose 3*l = 4*m + 28 - i, -l + 92 = 5*m. What are the prime factors of m?
19
Let a = 25 + -1. List the prime factors of a.
2, 3
Suppose -2*h + 12 + 10 = 0. What are the prime factors of h?
11
Suppose v - 2*o - 791 = -2*v, v - 5*o - 242 = 0. List the prime factors of v.
3, 89
Let x = 0 + -1. Let r be x*2 - 12/(-3). Suppose -k + 11 = 3*w, 3*k - r*w = 5 + 6. List the prime factors of k.
5
Suppose 0 = 3*q - y + 22, -3*q + 2*y = 17 + 9. Let v be (1 - 3)*9/q. Suppose -5*a + 11 + 10 = -v*g, -g = a - 1. List the prime factors of a.
3
Let o(a) = -4*a. Let m be o(1). Let b = m - -9. What are the prime factors of b?
5
Let i = 11 - 20. Let a be 24/i + 1/(-3). Let c = a - -5. List the prime factors of c.
2
Let m = 7 + -4. Suppose -p + o = -0*o + 2, 4*o = 2*p + 12. List the prime factors of ((-32)/(-12))/(p/m).
2
Let o(t) = 3*t**3 + 2*t**2 + 2*t - 2. List the prime factors of o(2).
2, 17
Suppose 3*y - 60 = -0*y. Suppose l - y = 13. List the prime factors of l.
3, 11
Suppose 0 = 2*j - 5*j + 15. Let y(t) = -t - 1. Let m be y(-4). Suppose m*p + 8 = j*p. List the prime factors of p.
2
Suppose -5*a + 4*h = -102, 5*a + 60 - 144 = -2*h. What are the prime factors of a?
2, 3
Suppose 3*i = -2*y - 2*i + 229, 5*y - i = 640. What are the prime factors of y?
127
What are the prime factors of (-78 + -1)/(-1 + 0)?
79
Suppose 4*p + 97 - 105 = 0. List the prime factors of p.
2
Suppose -6*i - 215 = -11*i. List the prime factors of i.
43
Suppose 4*j - 94 - 75 = -q, -3*q + 471 = 3*j. What are the prime factors of q?
3, 17
What are the prime factors of 2/(-3) - (-917)/21?
43
Let p be -4*(-3)/6 + 2. List the prime factors of p/6*9/2.
3
Suppose -4*s + 16 = -0. Let x be s/14 - (-61)/7. Suppose -2*f - x = -3*f. What are the prime factors of f?
3
Let q = 102 + -72. List the prime factors of q.
2, 3, 5
What are the prime factors of 3/(-18)*106*-3?
53
Let b = 7 - 14. Let u = 1 + b. Let s = u + 10. List the prime factors of s.
2
Let l be (12 - -1) + -2 - 2. Let j = l + -6. List the prime factors of j.
3
Let f = 6 - 7. Let c(y) = y - 5. Let g(s) = -s + 1. Let u(q) = f*c(q) - 6*g(q). What are the prime factors of u(4)?
19
What are the prime factors of (-1 - 2) + 195 + 8?
2, 5
Let z = 5 - 2. Let s(x) = -x + 4. Let l be s(6). List the prime factors of z*(l + (-32)/(-6)).
2, 5
Suppose 0 = -4*d + 3*i + 227, 0 = -3*d - 0*d + i + 169. What are the prime factors of d?
2, 7
Let j = 1 - -56. Suppose -5*x + j = 2. What are the prime factors of x?
11
Let c(i) = -6*i**2 - 2*i + 3. Let o(d) = -7*d**2 - d + 2. Let q(u) = 3*c(u) - 4*o(u). Let w be q(1). Let p = -1 + w. List the prime factors of p.
2
Suppose -4*l - y - 14 = -3*y, -2*y = -10. Let c be (-3)/((l/15)/(-1)). What are the prime factors of (-10)/c + (-16)/(-9)?
2
Let r be (-2)/(-4)*2*2. Let f(l) = l**3 + 3*l**2 + 5*l - 1. Let c(w) = 2*w**3 + 3*w**2 + 6*w - 1. Let i(d) = -2*c(d) + 3*f(d). List the prime factors of i(r).
3
Let v(r) = 3*r**2 + 11*r + 15. List the prime factors of v(-6).
3, 19
Suppose 3*f + 5*u = 2, 6*f - 5*u - 22 = 3*f. Suppose -q - f*q + 32 = m, 44 = 2*m + 5*q. What are the prime factors of m?
2, 3
Let f be 6 + (-1 - 1 - -2). Let g be (-4)/24 + (-5)/f. Let m = 5 + g. List the prime factors of m.
2
List the prime factors of (-1 - 6/(-4))*(28 + -10).
3
Suppose -2*v + 5 = -5*s, 5*v + 0*v - 22 = 3*s. Suppose 2*j + 15 = v*j. What are the prime factors of j?
5
Suppose -2*d + 124 = 4*v - 106, 313 = 3*d - 2*v. List the prime factors of d.
107
Suppose 5*a - 2*b - 2*b - 29 = 0, 16 = 4*b. List the prime factors of a.
3
Suppose z + v = -z + 4, 2*v + 16 = 4*z. Suppose z*u = -4*q + 1, -3*q + u - 5*u - 8 = 0. Suppose -q*g + 2 = -38. List the prime factors of g.
2, 5
Let f(s) = -2*s**2 + 6 - 5 - 8*s**3 + 0*s**2. Let j = -2 + 1. What are the prime factors of f(j)?
7
Let z(p) = 18 - 4*p + p**2 + p + 16*p. What are the prime factors of z(-12)?
2, 3
Let u = 65 - -42. List the prime factors of u.
107
Let o be (-3)/(-12) + (-158)/(-8). Suppose 5*c + t - 13 = 0, 5*t = 4*c + t - o. List the prime factors of c.
3
Suppose -2*s - 66 = -0*s. Let d = s - -47. List the prime factors of d.
2, 7
Let q = 23 - 10. Suppose y = -1 - 0, w + y - q = 0. List the prime factors of w.
2, 7
Suppose w - 11 = 13. What are the prime factors of w?
2, 3
Suppose 3*h = 2*h + 2. Let l(u) = h*u + u + 1 - 2*u. List the prime factors of l(6).
7
Suppose -5*x - 18 = 2*n - 517, 2*x - 196 = -2*n. List the prime factors of x.
101
Let q(d) = -d**3 - d**2 + d - 3. Let z(j) = -j**2 + j - 1. Let a be z(2). List the prime factors of q(a).
2, 3
List the prime factors of ((-2170)/15 - 4)/((-6)/9).
223
Suppose 4*a + m + 2 = -m, -m = 1. List the prime factors of (a - -12) + 1/(-1).
11
Suppose 5 = -2*d - 3*d. List the prime factors of ((-35)/(-28))/(d/(-40)).
2, 5
Suppose 0 = -2*r + 4*t + 4, -4*r - 4*t - 5 - 23 = 0. Let y = 7 - r. List the prime factors of y.
11
Suppose 2*l = 2*z - 14, -3*l + 0*l = 5*z - 3. Suppose -z*d + 9 = -0*d. Suppose -5*s + d*t + 2 + 19 = 0, -9 = -5*s - 3*t. What are the prime factors of s?
3
Let j(a) = 5*a - 18. Let h(p) = -18*p + 70. Let k(u) = -9*u + 35. Let q(v) = -2*h(v) + 5*k(v). Let m(d) = 11*j(d) + 6*q(d). List the prime factors of m(-10).
2
Suppose -2*x + 0*n - n = -127, -4*n = 2*x - 142. What are the prime factors of x?
61
Let g be (0 - -3) + (39 - -1). Let t = g - 17. What are the prime factors of t?
2, 13
Let t = 31 - -14. What are the prime factors of t?
3, 5
Suppose 6*w - w = 4*g - 752, 0 = -4*w - 16. List the prime factors of g.
3, 61
Let f be 176/10 - (-6)/15. Suppose -3*q = n - f, 0 = 3*n - n + 4*q - 28. List the prime factors of n.
2, 3
Suppose 3 = -6*h + 3*h, 0 = u + h - 38. What are the prime factors of u?
3, 13
Let s be 3 - (7*-7 - 2). Suppose -s = -0*u - 3*u. List the prime factors of u.
2, 3
Suppose 2*r - 48 = 4*f, 3*f - 2*r + 38 = -0*f. What are the prime factors of (-92)/(-5) + f/25?
2, 3
Let c(d) be the third derivative of d**4/24 - d**3/3 + 3*d**2. Let b be c(6). Suppose -b*v + 3*t + 74 + 1 = 0, -t + 40 = 3*v. What are the prime factors of v?
3, 5
List the prime factors of 1385/35 + 6/14.
2, 5
Let p(f) = 6*f**2 - f - 3. Let a be p(-3). Suppose 5*o = -2*y + a, -37 + 1 = -4*o - 4*y. What are the prime factors of o?
2, 3
Let r = -6 + 5. What are the prime factors of r*(2 - 27/3)?
7
Suppose j + 5*t - 10 = 0, -3*t + 4*t - 2 = 2*j. Let x = -9 + 13. Suppose 3*m = -x*k + 23, j = -0*m - 2*m - 3*k + 14. What are the prime factors of m?
13
Let q be -8*((-3)/2 - -1). Let m = q + -3. What are the prime factors of (m - (-8)/(-6))*-12?
2
Suppose -2*f - i = -5, f = 3*f - i + 1. Let w be (51/6)/(f/2). Suppose 5*m = v + w, m = -5*v + v + 16. List the prime factors of m.
2
Let l(v) = -3*v**2 + 3*v. Let t be l(2). Let m = -1 - t. Suppose 2*d = -m*n + 65 - 20, 3*d + 37 = 2*n. What are the prime factors of n?
11
Let d(g) be the second derivative of -g**4/12 + g**3/2 + g**2/2 - 2*g. Let b(f) be the first derivative of d(f)